when 101178 is divided by 1642.
1016
Calculate the remainder when 29444179 is divided by 564.
559
What is the remainder when 28299 is divided by 1737?
507
Calculate the remainder when 12389 is divided by 4022.
323
Calculate the remainder when 466785 is divided by 466627.
158
What is the remainder when 56324047 is divided by 22?
21
Calculate the remainder when 30830036 is divided by 433.
3
Calculate the remainder when 180368 is divided by 509.
182
What is the remainder when 663157 is divided by 94736?
5
Calculate the remainder when 249871 is divided by 121654.
6563
Calculate the remainder when 1492249 is divided by 2508.
2497
What is the remainder when 693972 is divided by 711?
36
What is the remainder when 936108 is divided by 575?
8
What is the remainder when 39901738 is divided by 2216760?
58
What is the remainder when 3428046 is divided by 857007?
18
Calculate the remainder when 325634 is divided by 390.
374
Calculate the remainder when 4975846 is divided by 99.
7
Calculate the remainder when 553463 is divided by 12.
11
Calculate the remainder when 35808835 is divided by 3029.
3026
Calculate the remainder when 14153642 is divided by 36.
26
Calculate the remainder when 1028189 is divided by 1570.
1409
Calculate the remainder when 2911822 is divided by 146.
144
What is the remainder when 6225 is divided by 5770?
455
Calculate the remainder when 4425732 is divided by 49723.
385
What is the remainder when 2319677 is divided by 176?
173
Calculate the remainder when 174026 is divided by 29003.
8
What is the remainder when 1782711 is divided by 3079?
3049
What is the remainder when 998939 is divided by 2967?
2027
Calculate the remainder when 17139425 is divided by 66.
17
What is the remainder when 1619382 is divided by 114?
12
What is the remainder when 20836913 is divided by 947?
72
What is the remainder when 693667 is divided by 4919?
88
Calculate the remainder when 41685856 is divided by 33.
25
What is the remainder when 1132708 is divided by 30?
28
What is the remainder when 9049950 is divided by 10735?
345
What is the remainder when 76377 is divided by 76359?
18
What is the remainder when 46404282 is divided by 61?
57
Calculate the remainder when 286877 is divided by 6808.
941
Calculate the remainder when 1472889 is divided by 1158.
1071
Calculate the remainder when 336371 is divided by 263.
257
Calculate the remainder when 982157497 is divided by 1748.
1745
Calculate the remainder when 14093065 is divided by 303.
232
What is the remainder when 148335340 is divided by 949?
946
What is the remainder when 5520583 is divided by 777?
775
What is the remainder when 12162 is divided by 1104?
18
What is the remainder when 5873294 is divided by 535?
64
Calculate the remainder when 170965 is divided by 4886.
4841
What is the remainder when 1605411 is divided by 5?
1
Calculate the remainder when 1304191 is divided by 1026.
145
Calculate the remainder when 34339208 is divided by 81760.
8
What is the remainder when 177572 is divided by 6339?
80
What is the remainder when 14727580 is divided by 1636397?
7
What is the remainder when 51944081 is divided by 5695?
5681
Calculate the remainder when 159388 is divided by 795.
388
What is the remainder when 30666 is divided by 1899?
282
What is the remainder when 194888428 is divided by 1863?
1861
Calculate the remainder when 207042 is divided by 139.
71
Calculate the remainder when 32677227 is divided by 2224.
2219
What is the remainder when 1042410 is divided by 115813?
93
What is the remainder when 502055 is divided by 2684?
147
Calculate the remainder when 1161706 is divided by 5927.
14
What is the remainder when 189009 is divided by 2078?
1989
Calculate the remainder when 960736 is divided by 5030.
6
What is the remainder when 666368 is divided by 666332?
36
What is the remainder when 1237653 is divided by 58?
49
What is the remainder when 44899934 is divided by 4489992?
14
What is the remainder when 872622 is divided by 25661?
148
Calculate the remainder when 30890 is divided by 867.
545
Calculate the remainder when 20350290 is divided by 1444.
1442
What is the remainder when 97607 is divided by 1481?
1342
Calculate the remainder when 60432 is divided by 1666.
456
Calculate the remainder when 10242048 is divided by 70.
68
What is the remainder when 44266558 is divided by 15?
13
Calculate the remainder when 844505 is divided by 168823.
390
Calculate the remainder when 841243 is divided by 2.
1
Calculate the remainder when 132259082 is divided by 23.
20
Calculate the remainder when 460178 is divided by 908.
730
What is the remainder when 279973 is divided by 3939?
304
What is the remainder when 384918 is divided by 2365?
1788
Calculate the remainder when 10398445 is divided by 103.
80
What is the remainder when 910782 is divided by 182152?
22
What is the remainder when 12376231 is divided by 96?
7
What is the remainder when 158442022 is divided by 312?
310
What is the remainder when 81049 is divided by 1798?
139
Calculate the remainder when 92777 is divided by 742.
27
What is the remainder when 2642916 is divided by 2953?
2934
Calculate the remainder when 6016305 is divided by 613.
323
Calculate the remainder when 6234849 is divided by 2078212.
213
Calculate the remainder when 150180 is divided by 431.
192
Calculate the remainder when 726378 is divided by 724704.
1674
Calculate the remainder when 1760007 is divided by 1445.
1442
Calculate the remainder when 5370167 is divided by 24.
23
What is the remainder when 7056202 is divided by 588013?
46
What is the remainder when 214672 is divided by 8357?
5747
Calculate the remainder when 66529 is divided by 2286.
235
What is the remainder when 100165 is divided by 1532?
585
Calculate the remainder when 534061 is divided by 53390.
161
Calculate the remainder when 477923 is divided by 114.
35
Calculate the remainder when 1607358 is divided by 1290.
18
Calculate the remainder when 838695 is divided by 183.
6
Calculate the remainder when 54842419 is divided by 1092.
1087
What is the remainder when 31994 is divided by 188?
34
What is the remainder when 2383226 is divided by 1191605?
16
What is the remainder when 1914410 is divided by 963?
929
Calculate the remainder when 6287038 is divided by 129.
94
Calculate the remainder when 30100932 is divided by 3505.
3497
What is the remainder when 327929 is divided by 163834?
261
Calculate the remainder when 25177525 is divided by 57.
55
What is the remainder when 440719 is divided by 15?
4
Calculate the remainder when 1658171 is divided by 106.
13
Calculate the remainder when 63444017 is divided by 933.
17
Calculate the remainder when 2654634 is divided by 12.
6
Calculate the remainder when 5757489 is divided by 106.
99
What is the remainder when 3675486 is divided by 33720?
6
What is the remainder when 64456793 is divided by 1605?
1598
Calculate the remainder when 1386865 is divided by 258.
115
What is the remainder when 209801 is divided by 69846?
263
Calculate the remainder when 365241 is divided by 15879.
24
What is the remainder when 6156500 is divided by 297?
284
Calculate the remainder when 1018292 is divided by 16380.
2732
Calculate the remainder when 179955 is divided by 2568.
195
Calculate the remainder when 26057077 is divided by 812.
809
Calculate the remainder when 1169976 is divided by 692.
496
Calculate the remainder when 1707198 is divided by 243872.
94
Calculate the remainder when 66039864 is divided by 252.
240
Calculate the remainder when 1340009 is divided by 4722.
3683
Calculate the remainder when 2610579 is divided by 1305247.
85
Calculate the remainder when 88208 is divided by 9799.
17
What is the remainder when 21878137 is divided by 143?
138
Calculate the remainder when 31723 is divided by 22310.
9413
What is the remainder when 3014439 is divided by 25546?
11
Calculate the remainder when 25920667 is divided by 7763.
10
What is the remainder when 11788268 is divided by 68?
60
What is the remainder when 53083019 is divided by 653?
649
What is the remainder when 994811 is divided by 172?
135
Calculate the remainder when 8285488 is divided by 4142739.
10
Calculate the remainder when 3187758 is divided by 1175.
1158
Calculate the remainder when 150993 is divided by 1218.
1179
What is the remainder when 2